st the prime factors of 24899099.
24899099
List the prime factors of 3973249.
7, 567607
List the prime factors of 275878.
2, 271, 509
List the prime factors of 22444835.
5, 7, 41, 15641
What are the prime factors of 149097?
3, 13, 3823
What are the prime factors of 2047645?
5, 409529
What are the prime factors of 43744?
2, 1367
List the prime factors of 1253203.
7, 179029
What are the prime factors of 1195886?
2, 73, 8191
What are the prime factors of 258225?
3, 5, 11, 313
What are the prime factors of 73453?
73453
What are the prime factors of 339957?
3, 1399
List the prime factors of 1084938.
2, 3, 19, 31, 307
List the prime factors of 23466.
2, 3, 3911
List the prime factors of 13568817.
3, 1069, 4231
List the prime factors of 2824063.
11, 139, 1847
List the prime factors of 1940244.
2, 3, 17, 9511
List the prime factors of 655773.
3, 218591
What are the prime factors of 5081975?
5, 203279
What are the prime factors of 721209?
3, 311, 773
List the prime factors of 67037.
43, 1559
What are the prime factors of 529822?
2, 17, 15583
List the prime factors of 6080633.
13, 29, 127
List the prime factors of 19586804.
2, 4896701
What are the prime factors of 996725?
5, 39869
What are the prime factors of 7601786?
2, 19, 251, 797
List the prime factors of 2646082.
2, 1323041
List the prime factors of 175841.
101, 1741
List the prime factors of 10084462.
2, 109, 167, 277
What are the prime factors of 237990?
2, 3, 5, 7933
List the prime factors of 459547.
11, 41777
List the prime factors of 91213.
53, 1721
List the prime factors of 18840.
2, 3, 5, 157
What are the prime factors of 202077?
3, 22453
List the prime factors of 479455.
5, 95891
List the prime factors of 2165511.
3, 17, 42461
List the prime factors of 171964.
2, 13, 3307
List the prime factors of 79627.
79627
What are the prime factors of 12922594?
2, 1699, 3803
List the prime factors of 1405444.
2, 351361
What are the prime factors of 2358049?
2358049
List the prime factors of 12790873.
2909, 4397
List the prime factors of 900975.
3, 5, 41, 293
List the prime factors of 894143.
103, 8681
List the prime factors of 6978270.
2, 3, 5, 13, 29, 617
List the prime factors of 1838762.
2, 919381
List the prime factors of 8171522.
2, 4085761
What are the prime factors of 247492?
2, 7, 8839
What are the prime factors of 162749?
162749
List the prime factors of 31750790.
2, 5, 3175079
List the prime factors of 337773.
3, 17, 37, 179
What are the prime factors of 215164?
2, 53791
List the prime factors of 7770933.
3, 47, 18371
List the prime factors of 23890344.
2, 3, 995431
List the prime factors of 2042012.
2, 7, 233, 313
What are the prime factors of 169567?
169567
List the prime factors of 22369746.
2, 3, 7, 103, 5171
List the prime factors of 813914.
2, 29, 14033
What are the prime factors of 214203?
3, 11, 6491
List the prime factors of 1313812.
2, 19, 59, 293
List the prime factors of 12256390.
2, 5, 1063, 1153
List the prime factors of 149820.
2, 3, 5, 11, 227
What are the prime factors of 3222134?
2, 19, 84793
List the prime factors of 8674520.
2, 5, 229, 947
What are the prime factors of 7056313?
11, 31, 20693
List the prime factors of 1893199.
7, 11, 23, 1069
What are the prime factors of 944804?
2, 7, 41, 823
List the prime factors of 9847432.
2, 7, 25121
List the prime factors of 49790.
2, 5, 13, 383
What are the prime factors of 10309369?
7, 1472767
What are the prime factors of 12751643?
37, 344639
What are the prime factors of 2338198?
2, 859, 1361
What are the prime factors of 4690624?
2, 73291
What are the prime factors of 235620?
2, 3, 5, 7, 11, 17
What are the prime factors of 1214162?
2, 607081
List the prime factors of 9841254.
2, 3, 1063, 1543
What are the prime factors of 10511652?
2, 3, 149, 5879
List the prime factors of 2104268.
2, 526067
List the prime factors of 994714.
2, 7, 227, 313
What are the prime factors of 602699?
19, 31721
What are the prime factors of 157931?
157931
What are the prime factors of 135745?
5, 17, 1597
What are the prime factors of 1883978?
2, 941989
List the prime factors of 6224028.
2, 3, 59, 149
What are the prime factors of 129813?
3, 43271
What are the prime factors of 4903886?
2, 13, 47, 4013
What are the prime factors of 10251292?
2, 1423, 1801
What are the prime factors of 1511437?
571, 2647
List the prime factors of 3260825.
5, 23, 53, 107
What are the prime factors of 311408?
2, 19463
List the prime factors of 1507951.
17, 107, 829
What are the prime factors of 889240?
2, 5, 11, 43, 47
What are the prime factors of 282785?
5, 23, 2459
List the prime factors of 6460284.
2, 3, 538357
List the prime factors of 1317477.
3, 7, 43, 1459
List the prime factors of 2960801.
2960801
List the prime factors of 1054223.
53, 19891
What are the prime factors of 5346282?
2, 3, 891047
List the prime factors of 1083347.
277, 3911
List the prime factors of 1491676.
2, 83, 4493
List the prime factors of 2541286.
2, 11, 115513
List the prime factors of 398028.
2, 3, 41, 809
What are the prime factors of 152885?
5, 30577
List the prime factors of 115541.
43, 2687
List the prime factors of 27363.
3, 7, 1303
What are the prime factors of 37455972?
2, 3, 223, 13997
List the prime factors of 2230829.
2230829
What are the prime factors of 21353481?
3, 409, 5801
List the prime factors of 2700012.
2, 3, 7, 32143
List the prime factors of 105852.
2, 3, 8821
What are the prime factors of 18436?
2, 11, 419
What are the prime factors of 2049624?
2, 3, 3163
What are the prime factors of 223853?
7, 113, 283
What are the prime factors of 2417334?
2, 3, 101, 3989
What are the prime factors of 2061003?
3, 7, 98143
List the prime factors of 447149.
149, 3001
List the prime factors of 8626691.
8626691
What are the prime factors of 15989176?
2, 7, 285521
List the prime factors of 415241.
617, 673
List the prime factors of 978262.
2, 317, 1543
List the prime factors of 2235496.
2, 227, 1231
List the prime factors of 1632805.
5, 326561
What are the prime factors of 206064?
2, 3, 53
List the prime factors of 32123916.
2, 3, 11, 23, 3527
List the prime factors of 96370.
2, 5, 23, 419
What are the prime factors of 2128939?
419, 5081
List the prime factors of 1984053.
3, 17, 38903
What are the prime factors of 3394400?
2, 5, 4243
List the prime factors of 2539440.
2, 3, 5, 3527
List the prime factors of 700804.
2, 13, 13477
List the prime factors of 11048440.
2, 5, 13, 21247
List the prime factors of 1124709.
3, 374903
List the prime factors of 2055457.
179, 11483
What are the prime factors of 220862?
2, 110431
List the prime factors of 2337021.
3, 97, 2677
What are the prime factors of 2338060?
2, 5, 116903
What are the prime factors of 12277673?
37, 167, 1987
List the prime factors of 5342311.
13, 131, 3137
List the prime factors of 2736109.
1601, 1709
What are the prime factors of 17469606?
2, 3, 7, 11, 37813
What are the prime factors of 555945?
3, 5, 13, 2851
List the prime factors of 4253207.
7, 19, 113, 283
What are the prime factors of 11221504?
2, 7, 31, 101
List the prime factors of 1047092.
2, 261773
What are the prime factors of 129456?
2, 3, 29, 31
What are the prime factors of 458402?
2, 7, 137, 239
List the prime factors of 3062160.
2, 3, 5, 4253
What are the prime factors of 14267113?
7, 2038159
List the prime factors of 1994624.
2, 15583
What are the prime factors of 2133501?
3, 29, 137, 179
List the prime factors of 2614.
2, 1307
List the prime factors of 149454.
2, 3, 19, 23
What are the prime factors of 15201395?
5, 11, 276389
What are the prime factors of 2903628?
2, 3, 7, 13, 2659
What are the prime factors of 135654?
2, 3, 23, 983
List the prime factors of 177378.
2, 3, 17, 37, 47
List the prime factors of 391183.
13, 30091
List the prime factors of 3990335.
5, 798067
List the prime factors of 9111640.
2, 5, 19, 631
List the prime factors of 407528.
2, 11, 421
List the prime factors of 32504.
2, 17, 239
What are the prime factors of 10066818?
2, 3, 941, 1783
What are the prime factors of 61599?
3, 20533
What are the prime factors of 2150059?
19, 113161
What are the prime factors of 278110?
2, 5, 7, 29, 137
What are the prime factors of 611899?
241, 2539
What are the prime factors of 8137012?
2, 13, 12037
List the prime factors of 3493209.
3, 139, 8377
List t